{"id":9,"date":"2020-07-05T16:41:01","date_gmt":"2020-07-05T16:41:01","guid":{"rendered":"https:\/\/nanthai.de\/?page_id=9"},"modified":"2023-08-07T18:25:48","modified_gmt":"2023-08-07T18:25:48","slug":"startseite","status":"publish","type":"page","link":"https:\/\/nanthai.de\/","title":{"rendered":"WILLKOMMEN"},"content":{"rendered":"\n<p><\/p>\n\n\n\n<p>_______________________________________________________________________<\/p>\n\n\n\n<p>AUFGRUND DER CORONA PANDEMIE ARBEITEN WIR AUSSCHLIESSLICH MIT TERMINVERGABE. BITTE RUFEN SIE VORHER AN UND VEREINBAREN SIE EINEN INDIVIDUELLEN TERMIN.<\/p>\n\n\n\n<p>Die traditionelle Thai-Massage ist ein System von Massage-Techniken die in Thailand unter dem Begriff &#8222;Nuad Phaen Boran&#8220; &#8211; was soviel bedeutet wie &#8222;Massierem nach uraltem Muster&#8220; oder auch &#8222;uralte heilsame Ber\u00fchrung&#8220; bekannt ist. <\/p>\n\n\n\n<p>In unserer hektischen Zeit brauchen wir mehr denn je eine Auszeit, die wir uns g\u00f6nnen zur Regeneration. Vor\u00fcbergehend dem Alltag entfliehen, Entspannung vom t\u00e4glichen beruflichen und privaten Stress, Entschleunigung und die innere Ruhe wieder finden. <\/p>\n\n\n\n<p>Das Nan-Thai Team bietet unterschiedliche thail\u00e4ndische Massagen und SPA-Anwendungen an. F\u00fcr Sie, f\u00fcr Ihn, f\u00fcr Paare.  <\/p>\n\n\n\n<p>Wir \u00f6ffnen f\u00fcr Sie wieder ab dem 04.10.2021 <br> &#8211; t\u00e4glich ab 11:00 &#8211; 19:00 Uhr &#8211; <\/p>\n\n\n\n<p>bitte vereinbaren Sie einen Termin unter 01795443096 <\/p>\n","protected":false},"excerpt":{"rendered":"<p>_______________________________________________________________________ AUFGRUND DER CORONA PANDEMIE ARBEITEN WIR AUSSCHLIESSLICH MIT TERMINVERGABE. BITTE RUFEN SIE VORHER AN UND VEREINBAREN SIE EINEN INDIVIDUELLEN TERMIN. Die traditionelle Thai-Massage ist ein System von Massage-Techniken die in Thailand unter dem Begriff &#8222;Nuad Phaen Boran&#8220; &#8211; was soviel bedeutet wie &#8222;Massierem nach uraltem Muster&#8220; oder auch &#8222;uralte heilsame Ber\u00fchrung&#8220; bekannt ist. In &hellip; <\/p>\n<p class=\"link-more\"><a href=\"https:\/\/nanthai.de\/\" class=\"more-link\"><span class=\"screen-reader-text\">\u201eWILLKOMMEN\u201c<\/span> weiterlesen<\/a><\/p>\n","protected":false},"author":1,"featured_media":190,"parent":0,"menu_order":0,"comment_status":"closed","ping_status":"closed","template":"","meta":{"footnotes":""},"_links":{"self":[{"href":"https:\/\/nanthai.de\/index.php?rest_route=\/wp\/v2\/pages\/9"}],"collection":[{"href":"https:\/\/nanthai.de\/index.php?rest_route=\/wp\/v2\/pages"}],"about":[{"href":"https:\/\/nanthai.de\/index.php?rest_route=\/wp\/v2\/types\/page"}],"author":[{"embeddable":true,"href":"https:\/\/nanthai.de\/index.php?rest_route=\/wp\/v2\/users\/1"}],"replies":[{"embeddable":true,"href":"https:\/\/nanthai.de\/index.php?rest_route=%2Fwp%2Fv2%2Fcomments&post=9"}],"version-history":[{"count":19,"href":"https:\/\/nanthai.de\/index.php?rest_route=\/wp\/v2\/pages\/9\/revisions"}],"predecessor-version":[{"id":365,"href":"https:\/\/nanthai.de\/index.php?rest_route=\/wp\/v2\/pages\/9\/revisions\/365"}],"wp:featuredmedia":[{"embeddable":true,"href":"https:\/\/nanthai.de\/index.php?rest_route=\/wp\/v2\/media\/190"}],"wp:attachment":[{"href":"https:\/\/nanthai.de\/index.php?rest_route=%2Fwp%2Fv2%2Fmedia&parent=9"}],"curies":[{"name":"wp","href":"https:\/\/api.w.org\/{rel}","templated":true}]}}