{"id":259,"date":"2021-03-03T19:27:32","date_gmt":"2021-03-03T19:27:32","guid":{"rendered":"https:\/\/nanthai.de\/?page_id=259"},"modified":"2021-03-03T19:48:44","modified_gmt":"2021-03-03T19:48:44","slug":"keine-erotik-und-kein-sex","status":"publish","type":"page","link":"https:\/\/nanthai.de\/?page_id=259","title":{"rendered":"KEINE Erotik und KEIN Sex"},"content":{"rendered":"\n<h3 class=\"wp-block-heading\" id=\"cc-m-header-10790385197\"><\/h3>\n\n\n\n<p><strong>Sehr geehrte Kundinnen und Kunden,<\/strong><\/p>\n\n\n\n<p>sicherlich wundern Sie sich \u00fcber diesen Link zum Thema Sex.<\/p>\n\n\n\n<p>Leider m\u00fcssen wir diesen Punkt extra auff\u00fchren, da vermehrt unsere wertvolle Zeit durch diverse Anfragen nach Massagen inkl. erotischer und sexueller Dienstleistungen dezimiert wird.<\/p>\n\n\n\n<p>Wir hoffen auf Ihr Verst\u00e4ndnis.<\/p>\n\n\n\n<p>Vielen Dank.<\/p>\n\n\n\n<p>Ihr Nanthai Team<\/p>\n\n\n\n<p><strong>F\u00fcr unsere m\u00e4nnlichen Interessenten:<\/strong><\/p>\n\n\n\n<p>Erotische und sexuelle Dienstleistungen werden von uns NICHT angeboten und ausgef\u00fchrt.<\/p>\n\n\n\n<p>Wir bitten h\u00f6flichst jeglicher Art dieser Anfragen zu unterlassen.&nbsp;<\/p>\n\n\n\n<p>Es gibt f\u00fcr diesen Service extra Damen, bitte wenden Sie sich an diese.\u00a0<\/p>\n\n\n\n<p>Vielen Dank.<\/p>\n\n\n\n<p>================================================<\/p>\n\n\n\n<p>Falls noch Unklarheiten bestehen:<\/p>\n\n\n\n<p>\u201eBitte beachten Sie, dass wir keine Erotikmassagen anbieten! Bei unsittlichem Verhalten w\u00e4hrend der Massage wird das Programm unter Berechnung des vollen Preises umgehend beendet. Telefonische Anfragen mit sexuell bel\u00e4stigendem Hintergrund werden gem\u00e4\u00df \u00a7185 StGB zur Anzeige gebracht!\u201c<\/p>\n","protected":false},"excerpt":{"rendered":"<p>Sehr geehrte Kundinnen und Kunden, sicherlich wundern Sie sich \u00fcber diesen Link zum Thema Sex. Leider m\u00fcssen wir diesen Punkt extra auff\u00fchren, da vermehrt unsere wertvolle Zeit durch diverse Anfragen nach Massagen inkl. erotischer und sexueller Dienstleistungen dezimiert wird. Wir hoffen auf Ihr Verst\u00e4ndnis. Vielen Dank. Ihr Nanthai Team F\u00fcr unsere m\u00e4nnlichen Interessenten: Erotische und &hellip; <\/p>\n<p class=\"link-more\"><a href=\"https:\/\/nanthai.de\/?page_id=259\" class=\"more-link\"><span class=\"screen-reader-text\">\u201eKEINE Erotik und KEIN Sex\u201c<\/span> weiterlesen<\/a><\/p>\n","protected":false},"author":1,"featured_media":0,"parent":2,"menu_order":2,"comment_status":"closed","ping_status":"closed","template":"","meta":{"footnotes":""},"_links":{"self":[{"href":"https:\/\/nanthai.de\/index.php?rest_route=\/wp\/v2\/pages\/259"}],"collection":[{"href":"https:\/\/nanthai.de\/index.php?rest_route=\/wp\/v2\/pages"}],"about":[{"href":"https:\/\/nanthai.de\/index.php?rest_route=\/wp\/v2\/types\/page"}],"author":[{"embeddable":true,"href":"https:\/\/nanthai.de\/index.php?rest_route=\/wp\/v2\/users\/1"}],"replies":[{"embeddable":true,"href":"https:\/\/nanthai.de\/index.php?rest_route=%2Fwp%2Fv2%2Fcomments&post=259"}],"version-history":[{"count":5,"href":"https:\/\/nanthai.de\/index.php?rest_route=\/wp\/v2\/pages\/259\/revisions"}],"predecessor-version":[{"id":265,"href":"https:\/\/nanthai.de\/index.php?rest_route=\/wp\/v2\/pages\/259\/revisions\/265"}],"up":[{"embeddable":true,"href":"https:\/\/nanthai.de\/index.php?rest_route=\/wp\/v2\/pages\/2"}],"wp:attachment":[{"href":"https:\/\/nanthai.de\/index.php?rest_route=%2Fwp%2Fv2%2Fmedia&parent=259"}],"curies":[{"name":"wp","href":"https:\/\/api.w.org\/{rel}","templated":true}]}}